{"id":15,"date":"2021-11-21T15:14:41","date_gmt":"2021-11-21T15:14:41","guid":{"rendered":"https:\/\/ndlingatlan.hu\/?page_id=15"},"modified":"2023-06-23T11:31:51","modified_gmt":"2023-06-23T11:31:51","slug":"szolgaltatasok","status":"publish","type":"page","link":"https:\/\/ndlingatlan.hu\/?page_id=15","title":{"rendered":"Szolg\u00e1ltat\u00e1sok"},"content":{"rendered":"\t\t<div data-elementor-type=\"wp-page\" data-elementor-id=\"15\" class=\"elementor elementor-15\">\n\t\t\t\t\t\t\t\t\t<section class=\"elementor-section elementor-top-section elementor-element elementor-element-e525888 elementor-section-height-min-height elementor-section-boxed elementor-section-height-default elementor-section-items-middle\" data-id=\"e525888\" data-element_type=\"section\" data-settings=\"{&quot;background_background&quot;:&quot;classic&quot;}\">\n\t\t\t\t\t\t\t<div class=\"elementor-background-overlay\"><\/div>\n\t\t\t\t\t\t\t<div class=\"elementor-container elementor-column-gap-default\">\n\t\t\t\t\t<div class=\"elementor-column elementor-col-100 elementor-top-column elementor-element elementor-element-d955195\" data-id=\"d955195\" data-element_type=\"column\">\n\t\t\t<div class=\"elementor-widget-wrap elementor-element-populated\">\n\t\t\t\t\t\t\t\t<div class=\"elementor-element elementor-element-bc63cf0 elementor-widget elementor-widget-heading\" data-id=\"bc63cf0\" data-element_type=\"widget\" data-widget_type=\"heading.default\">\n\t\t\t\t<div class=\"elementor-widget-container\">\n\t\t\t<style>\/*! elementor - v3.14.0 - 18-06-2023 *\/\n.elementor-heading-title{padding:0;margin:0;line-height:1}.elementor-widget-heading .elementor-heading-title[class*=elementor-size-]>a{color:inherit;font-size:inherit;line-height:inherit}.elementor-widget-heading .elementor-heading-title.elementor-size-small{font-size:15px}.elementor-widget-heading .elementor-heading-title.elementor-size-medium{font-size:19px}.elementor-widget-heading .elementor-heading-title.elementor-size-large{font-size:29px}.elementor-widget-heading .elementor-heading-title.elementor-size-xl{font-size:39px}.elementor-widget-heading .elementor-heading-title.elementor-size-xxl{font-size:59px}<\/style><h1 class=\"elementor-heading-title elementor-size-default\">Szolg\u00e1ltat\u00e1sok<\/h1>\t\t<\/div>\n\t\t\t\t<\/div>\n\t\t\t\t\t<\/div>\n\t\t<\/div>\n\t\t\t\t\t\t\t<\/div>\n\t\t<\/section>\n\t\t\t\t<section class=\"elementor-section elementor-top-section elementor-element elementor-element-f3c4d8e elementor-section-boxed elementor-section-height-default elementor-section-height-default\" data-id=\"f3c4d8e\" data-element_type=\"section\">\n\t\t\t\t\t\t<div class=\"elementor-container elementor-column-gap-default\">\n\t\t\t\t\t<div class=\"elementor-column elementor-col-100 elementor-top-column elementor-element elementor-element-04c0199\" data-id=\"04c0199\" data-element_type=\"column\">\n\t\t\t<div class=\"elementor-widget-wrap elementor-element-populated\">\n\t\t\t\t\t\t\t\t<div class=\"elementor-element elementor-element-e967743 elementor-widget elementor-widget-heading\" data-id=\"e967743\" data-element_type=\"widget\" data-widget_type=\"heading.default\">\n\t\t\t\t<div class=\"elementor-widget-container\">\n\t\t\t<h2 class=\"elementor-heading-title elementor-size-default\">\u00cdgy tessz\u00fck el\u00e9gedettebb\u00e9 lak\u00f3k\u00f6z\u00f6ss\u00e9g\u00e9t<\/h2>\t\t<\/div>\n\t\t\t\t<\/div>\n\t\t\t\t<div class=\"elementor-element elementor-element-05076dd elementor-widget elementor-widget-text-editor\" data-id=\"05076dd\" data-element_type=\"widget\" data-widget_type=\"text-editor.default\">\n\t\t\t\t<div class=\"elementor-widget-container\">\n\t\t\t<style>\/*! elementor - v3.14.0 - 18-06-2023 *\/\n.elementor-widget-text-editor.elementor-drop-cap-view-stacked .elementor-drop-cap{background-color:#69727d;color:#fff}.elementor-widget-text-editor.elementor-drop-cap-view-framed .elementor-drop-cap{color:#69727d;border:3px solid;background-color:transparent}.elementor-widget-text-editor:not(.elementor-drop-cap-view-default) .elementor-drop-cap{margin-top:8px}.elementor-widget-text-editor:not(.elementor-drop-cap-view-default) .elementor-drop-cap-letter{width:1em;height:1em}.elementor-widget-text-editor .elementor-drop-cap{float:left;text-align:center;line-height:1;font-size:50px}.elementor-widget-text-editor .elementor-drop-cap-letter{display:inline-block}<\/style>\t\t\t\t<p>Tulajdonosi szeml\u00e9let \u2013 Ad hoc megold\u00e1sok helyett strat\u00e9gi\u00e1n alapul\u00f3 kezel\u00e9s \u2013 Fill\u00e9rre pontos p\u00e9nz\u00fcgyi terv \u2013 24 \u00f3r\u00e1s rendelkez\u00e9sre \u00e1ll\u00e1s \u2013 Budapesten \u00e9s k\u00f6zvetlen vonz\u00e1sk\u00f6rzet\u00e9ben<\/p>\t\t\t\t\t\t<\/div>\n\t\t\t\t<\/div>\n\t\t\t\t<section class=\"elementor-section elementor-inner-section elementor-element elementor-element-6f190d0 elementor-section-full_width elementor-section-height-default elementor-section-height-default\" data-id=\"6f190d0\" data-element_type=\"section\">\n\t\t\t\t\t\t<div class=\"elementor-container elementor-column-gap-default\">\n\t\t\t\t\t<div class=\"elementor-column elementor-col-33 elementor-inner-column elementor-element elementor-element-144550f\" data-id=\"144550f\" data-element_type=\"column\" data-settings=\"{&quot;background_background&quot;:&quot;classic&quot;}\">\n\t\t\t<div class=\"elementor-widget-wrap elementor-element-populated\">\n\t\t\t\t\t\t\t\t<div class=\"elementor-element elementor-element-826639f elementor-widget elementor-widget-heading\" data-id=\"826639f\" data-element_type=\"widget\" data-widget_type=\"heading.default\">\n\t\t\t\t<div class=\"elementor-widget-container\">\n\t\t\t<h5 class=\"elementor-heading-title elementor-size-default\">Online is hozz\u00e1f\u00e9rhet\u0151 k\u00f6nyvel\u00e9s<\/h5>\t\t<\/div>\n\t\t\t\t<\/div>\n\t\t\t\t<div class=\"elementor-element elementor-element-a1d8b66 elementor-widget elementor-widget-text-editor\" data-id=\"a1d8b66\" data-element_type=\"widget\" data-widget_type=\"text-editor.default\">\n\t\t\t\t<div class=\"elementor-widget-container\">\n\t\t\t\t\t\t\t<p>Soha egyetlen percet sem k\u00e9st\u00fcnk a besz\u00e1mol\u00f3k, k\u00f6lts\u00e9gvet\u00e9si tervek elk\u00e9sz\u00edt\u00e9s\u00e9vel. A tulajdonosok r\u00e9sz\u00e9re pontos elsz\u00e1mol\u00e1st, valamint rendszeres t\u00e1j\u00e9koztat\u00e1st garant\u00e1lunk.\u00a0 Az egyenleg egy k\u00f6nnyen haszn\u00e1lhat\u00f3 online fel\u00fcleten is hozz\u00e1f\u00e9rhet\u0151, \u00edgy \u00d6n mindig naprak\u00e9sz lesz a t\u00e1rsash\u00e1z p\u00e9nz\u00fcgyeivel kapcsolatban.<\/p>\t\t\t\t\t\t<\/div>\n\t\t\t\t<\/div>\n\t\t\t\t\t<\/div>\n\t\t<\/div>\n\t\t\t\t<div class=\"elementor-column elementor-col-33 elementor-inner-column elementor-element elementor-element-dedadff\" data-id=\"dedadff\" data-element_type=\"column\" data-settings=\"{&quot;background_background&quot;:&quot;classic&quot;}\">\n\t\t\t<div class=\"elementor-widget-wrap elementor-element-populated\">\n\t\t\t\t\t\t\t\t<div class=\"elementor-element elementor-element-0519d0f elementor-widget elementor-widget-heading\" data-id=\"0519d0f\" data-element_type=\"widget\" data-widget_type=\"heading.default\">\n\t\t\t\t<div class=\"elementor-widget-container\">\n\t\t\t<h5 class=\"elementor-heading-title elementor-size-default\">Kintl\u00e9v\u0151s\u00e9g kezel\u00e9s<\/h5>\t\t<\/div>\n\t\t\t\t<\/div>\n\t\t\t\t<div class=\"elementor-element elementor-element-c166643 elementor-widget elementor-widget-text-editor\" data-id=\"c166643\" data-element_type=\"widget\" data-widget_type=\"text-editor.default\">\n\t\t\t\t<div class=\"elementor-widget-container\">\n\t\t\t\t\t\t\t<p>Sajnos gyakran el\u0151fordul, hogy n\u00e9h\u00e1ny lak\u00f3 ak\u00e1r hossz\u00fa h\u00f3napokig nem fizet k\u00f6z\u00f6s k\u00f6lts\u00e9get. A probl\u00e9ma megold\u00e1s\u00e1ra az elm\u00falt \u00e9vekben egy hat\u00e9konyan m\u0171k\u00f6d\u0151 rendszert \u00e9p\u00edtett\u00fcnk fel, amely az \u00edr\u00e1sbeli felsz\u00f3l\u00edt\u00e1st\u00f3l a v\u00e9grehajt\u00e1s kezdem\u00e9nyez\u00e9s\u00e9ig terjed.<\/p>\t\t\t\t\t\t<\/div>\n\t\t\t\t<\/div>\n\t\t\t\t\t<\/div>\n\t\t<\/div>\n\t\t\t\t<div class=\"elementor-column elementor-col-33 elementor-inner-column elementor-element elementor-element-3fd8a9f\" data-id=\"3fd8a9f\" data-element_type=\"column\" data-settings=\"{&quot;background_background&quot;:&quot;classic&quot;}\">\n\t\t\t<div class=\"elementor-widget-wrap elementor-element-populated\">\n\t\t\t\t\t\t\t\t<div class=\"elementor-element elementor-element-8c8c7ae elementor-widget elementor-widget-heading\" data-id=\"8c8c7ae\" data-element_type=\"widget\" data-widget_type=\"heading.default\">\n\t\t\t\t<div class=\"elementor-widget-container\">\n\t\t\t<h5 class=\"elementor-heading-title elementor-size-default\">24 \u00f3r\u00e1s m\u0171szaki \u00fcgyelet a h\u00e9t minden napj\u00e1n<\/h5>\t\t<\/div>\n\t\t\t\t<\/div>\n\t\t\t\t<div class=\"elementor-element elementor-element-be34541 elementor-widget elementor-widget-text-editor\" data-id=\"be34541\" data-element_type=\"widget\" data-widget_type=\"text-editor.default\">\n\t\t\t\t<div class=\"elementor-widget-container\">\n\t\t\t\t\t\t\t<p>B\u00e1rmilyen m\u0171szaki probl\u00e9ma eset\u00e9n el\u00e9rhet\u0151ek vagyunk. Partnereink sz\u00e1m\u00e1ra ugyanis 24 \u00f3r\u00e1s rendelkez\u00e9sre \u00e1ll\u00e1st biztos\u00edtunk, a m\u0171szaki hib\u00e1k pedig telefonon \u00e9s online is bejelenthet\u0151k. Folyamatosan t\u00f6k\u00e9letes\u00edtett rendszer\u00fcnk alapj\u00e1n a probl\u00e9maelh\u00e1r\u00edt\u00e1s ideje ak\u00e1r 2 \u00e9s f\u00e9l \u00f3r\u00e1val is ler\u00f6vid\u00fclhet.<\/p>\t\t\t\t\t\t<\/div>\n\t\t\t\t<\/div>\n\t\t\t\t\t<\/div>\n\t\t<\/div>\n\t\t\t\t\t\t\t<\/div>\n\t\t<\/section>\n\t\t\t\t<section class=\"elementor-section elementor-inner-section elementor-element elementor-element-68f3c8b elementor-section-full_width elementor-section-height-default elementor-section-height-default\" data-id=\"68f3c8b\" data-element_type=\"section\">\n\t\t\t\t\t\t<div class=\"elementor-container elementor-column-gap-default\">\n\t\t\t\t\t<div class=\"elementor-column elementor-col-33 elementor-inner-column elementor-element elementor-element-98f99a9\" data-id=\"98f99a9\" data-element_type=\"column\" data-settings=\"{&quot;background_background&quot;:&quot;classic&quot;}\">\n\t\t\t<div class=\"elementor-widget-wrap elementor-element-populated\">\n\t\t\t\t\t\t\t\t<div class=\"elementor-element elementor-element-1d0149d elementor-widget elementor-widget-heading\" data-id=\"1d0149d\" data-element_type=\"widget\" data-widget_type=\"heading.default\">\n\t\t\t\t<div class=\"elementor-widget-container\">\n\t\t\t<h5 class=\"elementor-heading-title elementor-size-default\">Bev\u00e9teli lehet\u0151s\u00e9gek keres\u00e9se, tervez\u00e9se<\/h5>\t\t<\/div>\n\t\t\t\t<\/div>\n\t\t\t\t<div class=\"elementor-element elementor-element-27a7194 elementor-widget elementor-widget-text-editor\" data-id=\"27a7194\" data-element_type=\"widget\" data-widget_type=\"text-editor.default\">\n\t\t\t\t<div class=\"elementor-widget-container\">\n\t\t\t\t\t\t\t<p>A legsikeresebb budapesti t\u00e1rsash\u00e1zak ma m\u00e1r l\u00e9nyeg\u00e9ben gazdas\u00e1gi egys\u00e9gk\u00e9nt m\u0171k\u00f6dnek, amelyek a kiad\u00e1sok optimaliz\u00e1l\u00e1sa mellett meglep\u0151en magas bev\u00e9telekre is szert tesznek. Ezt a modellt lek\u00f6vetve, a k\u00f6z\u00f6s tulajdon\u00fa ter\u00fcletek hasznos\u00edt\u00e1s\u00e1r\u00f3l olyan javaslatokat k\u00e9sz\u00edt\u00fcnk, amelyek gyakran elnyerik a lak\u00f3k tetsz\u00e9s\u00e9t.<\/p>\t\t\t\t\t\t<\/div>\n\t\t\t\t<\/div>\n\t\t\t\t\t<\/div>\n\t\t<\/div>\n\t\t\t\t<div class=\"elementor-column elementor-col-33 elementor-inner-column elementor-element elementor-element-540534d\" data-id=\"540534d\" data-element_type=\"column\" data-settings=\"{&quot;background_background&quot;:&quot;classic&quot;}\">\n\t\t\t<div class=\"elementor-widget-wrap elementor-element-populated\">\n\t\t\t\t\t\t\t\t<div class=\"elementor-element elementor-element-5ea1d45 elementor-widget elementor-widget-heading\" data-id=\"5ea1d45\" data-element_type=\"widget\" data-widget_type=\"heading.default\">\n\t\t\t\t<div class=\"elementor-widget-container\">\n\t\t\t<h5 class=\"elementor-heading-title elementor-size-default\">P\u00e1ly\u00e1zat figyel\u00e9s, p\u00e1ly\u00e1zat \u00edr\u00e1s komplex \u00fcgyint\u00e9z\u00e9ssel<\/h5>\t\t<\/div>\n\t\t\t\t<\/div>\n\t\t\t\t<div class=\"elementor-element elementor-element-725f16f elementor-widget elementor-widget-text-editor\" data-id=\"725f16f\" data-element_type=\"widget\" data-widget_type=\"text-editor.default\">\n\t\t\t\t<div class=\"elementor-widget-container\">\n\t\t\t\t\t\t\t<p>Online p\u00e1ly\u00e1zatfigyel\u0151 rendszer\u00fcnk naprak\u00e9sz inform\u00e1ci\u00f3kat szolg\u00e1ltat azokr\u00f3l a lehet\u0151s\u00e9gekr\u0151l, amelyek t\u00e1rsash\u00e1za sz\u00e1m\u00e1ra es\u00e9lyt adnak a fejl\u0151d\u00e9sre. A megfelel\u0151 lehet\u0151s\u00e9gekr\u0151l t\u00e1j\u00e9koztatjuk, k\u00e9r\u00e9sre pedig \u00f6ssze\u00e1ll\u00edtjuk, beny\u00fajtjuk \u00e9s levez\u00e9nyelj\u00fck a p\u00e1ly\u00e1zatot az utols\u00f3 \u00edr\u00e1sjelig, \u00edgy azzal \u00d6nnek semmif\u00e9le feladata nem lesz.<\/p>\t\t\t\t\t\t<\/div>\n\t\t\t\t<\/div>\n\t\t\t\t\t<\/div>\n\t\t<\/div>\n\t\t\t\t<div class=\"elementor-column elementor-col-33 elementor-inner-column elementor-element elementor-element-bc13372\" data-id=\"bc13372\" data-element_type=\"column\" data-settings=\"{&quot;background_background&quot;:&quot;classic&quot;}\">\n\t\t\t<div class=\"elementor-widget-wrap elementor-element-populated\">\n\t\t\t\t\t\t\t\t<div class=\"elementor-element elementor-element-9cf906a elementor-widget elementor-widget-heading\" data-id=\"9cf906a\" data-element_type=\"widget\" data-widget_type=\"heading.default\">\n\t\t\t\t<div class=\"elementor-widget-container\">\n\t\t\t<h5 class=\"elementor-heading-title elementor-size-default\">Takar\u00edt\u00e1s egy kis plusszal<\/h5>\t\t<\/div>\n\t\t\t\t<\/div>\n\t\t\t\t<div class=\"elementor-element elementor-element-b8d5573 elementor-widget elementor-widget-text-editor\" data-id=\"b8d5573\" data-element_type=\"widget\" data-widget_type=\"text-editor.default\">\n\t\t\t\t<div class=\"elementor-widget-container\">\n\t\t\t\t\t\t\t<p>A takar\u00edt\u00e1s n\u00e1lunk nem egy k\u00f6telez\u0151en letudand\u00f3 feladat, hanem lehet\u0151s\u00e9g arra, hogy a megl\u00e9v\u0151 lak\u00f3k\u00f6rnyezet napr\u00f3l napra szebb\u00e9 v\u00e1ljon. Legt\u00f6bbsz\u00f6r plusz k\u00f6lts\u00e9gek n\u00e9lk\u00fcl is olyan megold\u00e1sokkal \u00e1llunk el\u0151, amelyek k\u00e9pesek mosolyt csalni a lak\u00f3k arc\u00e1ra.<\/p>\t\t\t\t\t\t<\/div>\n\t\t\t\t<\/div>\n\t\t\t\t\t<\/div>\n\t\t<\/div>\n\t\t\t\t\t\t\t<\/div>\n\t\t<\/section>\n\t\t\t\t\t<\/div>\n\t\t<\/div>\n\t\t\t\t\t\t\t<\/div>\n\t\t<\/section>\n\t\t\t\t\t\t\t<\/div>\n\t\t","protected":false},"excerpt":{"rendered":"<p>Szolg\u00e1ltat\u00e1sok \u00cdgy tessz\u00fck el\u00e9gedettebb\u00e9 lak\u00f3k\u00f6z\u00f6ss\u00e9g\u00e9t Tulajdonosi szeml\u00e9let \u2013 Ad hoc megold\u00e1sok helyett strat\u00e9gi\u00e1n alapul\u00f3 kezel\u00e9s \u2013 Fill\u00e9rre pontos p\u00e9nz\u00fcgyi terv \u2013 24 \u00f3r\u00e1s rendelkez\u00e9sre \u00e1ll\u00e1s \u2013 Budapesten \u00e9s k\u00f6zvetlen vonz\u00e1sk\u00f6rzet\u00e9ben Online is hozz\u00e1f\u00e9rhet\u0151 k\u00f6nyvel\u00e9s Soha egyetlen percet sem k\u00e9st\u00fcnk a besz\u00e1mol\u00f3k, k\u00f6lts\u00e9gvet\u00e9si tervek elk\u00e9sz\u00edt\u00e9s\u00e9vel. A tulajdonosok r\u00e9sz\u00e9re pontos elsz\u00e1mol\u00e1st, valamint rendszeres t\u00e1j\u00e9koztat\u00e1st garant\u00e1lunk.\u00a0 Az egyenleg &hellip;<\/p>\n<p class=\"read-more\"> <a class=\"\" href=\"https:\/\/ndlingatlan.hu\/?page_id=15\"> <span class=\"screen-reader-text\">Szolg\u00e1ltat\u00e1sok<\/span> Read More &raquo;<\/a><\/p>\n","protected":false},"author":2,"featured_media":0,"parent":0,"menu_order":0,"comment_status":"closed","ping_status":"closed","template":"","meta":{"_mi_skip_tracking":false,"_monsterinsights_sitenote_active":false,"_monsterinsights_sitenote_note":"","_monsterinsights_sitenote_category":0,"site-sidebar-layout":"no-sidebar","site-content-layout":"page-builder","ast-global-header-display":"","ast-banner-title-visibility":"","ast-main-header-display":"","ast-hfb-above-header-display":"","ast-hfb-below-header-display":"","ast-hfb-mobile-header-display":"","site-post-title":"disabled","ast-breadcrumbs-content":"","ast-featured-img":"disabled","footer-sml-layout":"","theme-transparent-header-meta":"enabled","adv-header-id-meta":"","stick-header-meta":"","header-above-stick-meta":"","header-main-stick-meta":"","header-below-stick-meta":""},"_links":{"self":[{"href":"https:\/\/ndlingatlan.hu\/index.php?rest_route=\/wp\/v2\/pages\/15"}],"collection":[{"href":"https:\/\/ndlingatlan.hu\/index.php?rest_route=\/wp\/v2\/pages"}],"about":[{"href":"https:\/\/ndlingatlan.hu\/index.php?rest_route=\/wp\/v2\/types\/page"}],"author":[{"embeddable":true,"href":"https:\/\/ndlingatlan.hu\/index.php?rest_route=\/wp\/v2\/users\/2"}],"replies":[{"embeddable":true,"href":"https:\/\/ndlingatlan.hu\/index.php?rest_route=%2Fwp%2Fv2%2Fcomments&post=15"}],"version-history":[{"count":6,"href":"https:\/\/ndlingatlan.hu\/index.php?rest_route=\/wp\/v2\/pages\/15\/revisions"}],"predecessor-version":[{"id":1355,"href":"https:\/\/ndlingatlan.hu\/index.php?rest_route=\/wp\/v2\/pages\/15\/revisions\/1355"}],"wp:attachment":[{"href":"https:\/\/ndlingatlan.hu\/index.php?rest_route=%2Fwp%2Fv2%2Fmedia&parent=15"}],"curies":[{"name":"wp","href":"https:\/\/api.w.org\/{rel}","templated":true}]}}